vided by 1*(-5 + 58 - l).
52
Let c(l) = 239*l**3 + 2*l**2 - 2*l. What is the remainder when c(1) is divided by 4?
3
Let n(r) = r**3 + 5*r**2 - 4*r + 5. Let i(l) = l**2 - 9*l - 8. What is the remainder when n(-5) is divided by i(11)?
11
Let h(d) = -d**2 - 11*d + 20. Let x be h(-13). Calculate the remainder when 60 is divided by (32/x)/((-1)/3).
12
Let g = 34 - 12. Suppose -511*h + 16 = -509*h. What is the remainder when g is divided by h?
6
Let u = 11 - 8. Suppose 21 = 3*v + u. Let i(c) = -2*c**3 - 2*c - 1. Calculate the remainder when v is divided by i(-1).
0
Let c = 17 + -31. Let q = 20 + c. Suppose -q*a + 44 = -4. Calculate the remainder when 22 is divided by a.
6
Let r(d) = -d**3 + 7*d**2 - 6*d - 7. Let s be r(6). Let a be 2/s + (-184)/(-7). Suppose -4*q + 10 = -a. What is the remainder when 24 is divided by q?
6
Let v(p) = 13*p**2 - 3*p - 1. Let c(i) = -i**3 - 2*i**2 + i - 2. Let k be c(-4). Let o = k + -23. What is the remainder when v(o) is divided by 27?
26
Let p = 42 - 11. Suppose 0 = r - 5 - 24. Suppose 4*o - r = 3. What is the remainder when p is divided by o?
7
Suppose 2*g = 2*b + 566, 6 = -b + 2. What is the remainder when g is divided by 10?
9
Let a be ((-2)/4)/(2*(-5)/(-1240)). Let w = a - -107. Calculate the remainder when w is divided by 24.
21
Let b = 171 - 161. Calculate the remainder when 198 is divided by b.
8
Let d = 33 + -28. Let a = -3 - -7. Suppose -16 = 4*q, -w + 5*q - 31 = -a*w. Calculate the remainder when w is divided by d.
2
Suppose 9*k = 4*k - 2*q + 1704, 1695 = 5*k + 5*q. What is the remainder when k is divided by 58?
52
Suppose 56*y = 48*y + 40. Calculate the remainder when y is divided by 5.
0
Suppose -4*v + 5*a = -24, 3*a - 3 = -4*v - 11. Let z(t) = 48*t**3 - t**2 + t. Calculate the remainder when z(v) is divided by 17.
14
Suppose 4*p - 26*a + 28*a = 126, 5*a = 5. What is the remainder when 185 is divided by p?
30
Let x(c) = -3*c**2 + 2*c + 11*c + 6*c + 1 + 4*c**2. What is the remainder when x(-21) is divided by 1 - -9 - (3 + -2)?
7
Let u be 759/4 - 2/(-8). Suppose 8*h = 3*h + u. What is the remainder when 187 is divided by h?
35
Let g = -128 + 148. What is the remainder when 94 is divided by g?
14
Suppose -2*o = -n - 328, 4*o + 4*n - 680 = -0*o. Suppose 0 = -3*r - 4*l + 113, -3*l = 6*r - r - 203. Calculate the remainder when o is divided by r.
37
Suppose 5*t = 3*t. Let s = 8 + t. Calculate the remainder when 28 is divided by s.
4
Let k(a) = -a**2 + a - a**3 - a + 0*a**3. Let v be k(-2). What is the remainder when 45 is divided by (v/8)/(1/24)?
9
Let l = 85 - 83. Suppose 3*z = l*k - 79, -4*z = -k - 2*z + 38. Calculate the remainder when k is divided by 16.
12
Suppose -m + 2*m + 2 = 0. Let z = -2 - m. Suppose 5*g = -z*g + 65. Calculate the remainder when 50 is divided by g.
11
Suppose 2*u - 105 = -3*u. What is the remainder when u*8/36*(-396)/(-14) is divided by 27?
24
Let p(x) = 3*x - 11. Let s be p(-8). Let j = 78 + s. Calculate the remainder when j is divided by 23.
20
Suppose n + 0 + 1 = 0. What is the remainder when 16 is divided by 3 - n - (-13 + 11)?
4
Suppose 113*i - 115*i + 138 = 0. Let f be (-9)/(-1 + 4/5). Let n = f + -27. What is the remainder when i is divided by n?
15
Suppose -4*y + 285 = 5*p, 2*p - 2*y - 75 = 39. Calculate the remainder when p is divided by 5.
2
Let u(s) = s - 9. Let o be u(15). Let h(i) = i**3 + 8*i**2 + 3*i + 6. What is the remainder when o/(-21) - 1418/(-14) is divided by h(-7)?
33
Calculate the remainder when (11/(-3))/(-3 + 16/6) is divided by 7.
4
Suppose -2*v + 1 = -37. Let m = 5778 + -5743. What is the remainder when m is divided by v?
16
Let l(i) = -i - 2*i**2 - 16*i**3 + 17*i**3 - 10*i**3. Let n be l(-1). What is the remainder when n - -6*8/(-12) is divided by 1?
0
Suppose z + z + 2*v - 316 = 0, 4*z + 5*v = 632. Let x = -95 + z. Calculate the remainder when x is divided by 17.
12
Let z be 10*(15/(-6) + 9/3). Let d = 22 - z. What is the remainder when d is divided by 9?
8
Let x(q) = -q**3 + 6*q**2 - 6*q. What is the remainder when (45/(-6))/((((-88)/16)/(-11))/(-1)) is divided by x(4)?
7
Let h(z) = z**2 - z + 71. Let t be h(0). Calculate the remainder when t + 0/(0 + -3) + -2 is divided by 14.
13
Let v = 5 + -75. Calculate the remainder when 149 is divided by (-14)/v + 189/5.
35
Let t = 12 + -2. Suppose 3*b - t = -4*y + 20, 5*b - y = 50. What is the remainder when 18 is divided by b?
8
What is the remainder when 21/6*(36 + 10) is divided by 41?
38
Let k(w) = -w**2 - 9*w + 5. Let d(m) = -2*m - 13. Let x be d(-7). Calculate the remainder when k(-6) is divided by (x - (-5)/(-2))/(12/(-64)).
7
Suppose 0 = -10*r + 2*r + 496. What is the remainder when (r - -5)*(4 + -2)*1 is divided by 15?
14
Let p(n) be the third derivative of n**4/12 + 43*n**3/6 + 27*n**2. Calculate the remainder when p(-15) is divided by 4.
1
Let r = 82 - 81. Suppose -2*a = -5*h - r + 21, -2*a - 10 = 0. What is the remainder when 3 is divided by h?
1
Let b(j) = 3*j**2 - j - 15. Calculate the remainder when b(10) is divided by 46.
45
Suppose 152 = -2*o + 6*o. Let f = 70 + -47. Let k = f + -10. Calculate the remainder when o is divided by k.
12
Let h(d) = 5*d**2 + 10*d - 49. Calculate the remainder when h(5) is divided by 22.
16
Suppose -3*z = -2*g + 2*z - 4, -5*z + 10 = 0. What is the remainder when (53/g)/((-2)/(-6)) is divided by 18?
17
Let k be 2/(-3 + 2) - -24. Let u = -16 + k. Calculate the remainder when -17 - -12 - (-9)/(36/104) is divided by u.
3
Let u be (27/(-9))/(3/(-4)). Suppose -u*v = -v - 9. What is the remainder when 70 is divided by 1 - 51/v*-1?
16
Let t(k) = 23*k - 95. What is the remainder when t(12) is divided by 5?
1
Let p = 1062 + -1056. Suppose 0*z - 88 = -4*z. What is the remainder when z is divided by p?
4
What is the remainder when 138 is divided by 68 + 0 - ((-35)/(-7) - 7)?
68
Let v(o) = -o**3 + 6*o**2 + 2. Let s(j) = 5*j**2 - 1. What is the remainder when v(3) is divided by s(2)?
10
Suppose 0 = 283*g - 291*g + 256. Calculate the remainder when 62/(-6)*(-9)/1 is divided by g.
29
Let a(i) = 87*i - 46. Calculate the remainder when a(2) is divided by 35.
23
Let p(g) = 571*g**3 + g**2 - 2*g - 5. Let j(z) = -286*z**3 - z**2 + z + 3. Let k(t) = -5*j(t) - 3*p(t). What is the remainder when k(-1) is divided by 57?
56
Suppose 19*p - 854 = -151. Suppose -2*u + 4*u - 61 = -3*l, l - 9 = 5*u. Calculate the remainder when p is divided by l.
18
Suppose 4*g + 13 = 53. Let x(y) = 2*y - 18. Let o be x(g). Suppose -46 = -o*p + 4*d, 4*d = -0*p - 4*p + 140. Calculate the remainder when p is divided by 16.
15
Suppose 5*q - 73 = 2*l - 5, 0 = -q - 5*l - 8. What is the remainder when 69 is divided by q?
9
Suppose 2*u - 3*u = 0. Suppose 4*o - 1444 = -u*o. Suppose -4*n = 2*y - 227 + 59, -4*y + o = 3*n. What is the remainder when y is divided by 24?
22
Suppose 2*t + 4*q - 383 - 341 = 0, 0 = -q + 3. Let i = 523 - t. Calculate the remainder when i is divided by 42.
41
Let g = -549 - -563. Calculate the remainder when 88 is divided by g.
4
Suppose -13 = 3*z - 7. Let p(a) = -3*a**3 - 6*a**2 + 4. Let r = 13 - 2. What is the remainder when r is divided by p(z)?
3
Suppose -5*m + 227 = 3*l + 27, -4*m + 128 = -4*l. Calculate the remainder when 628 is divided by m.
36
Let v(p) = -51*p**2 + 11 + 52*p**2 - 9*p + 0*p. Calculate the remainder when 17 is divided by v(9).
6
Let a = -73 + 93. What is the remainder when 55 is divided by a?
15
Suppose 2*b - 6*b + 142 = t, 4*b - 2*t - 148 = 0. Suppose 4*x + b = 4*a, 5*a - 5*x = -2*x + 41. Calculate the remainder when 8 is divided by a.
1
Suppose 5*i = 4*g - 51, -2*g + 56 = 2*i + 26. Calculate the remainder when (94/(-6))/((-1)/3) is divided by g.
5
Let r(y) = -y**3 + 8*y**2 - 3*y - 25. What is the remainder when 107 is divided by r(6)?
20
Let w = 135 + -133. Suppose w*c = -3*n + 56, -2*c - 6 - 28 = -2*n. Suppose r - 1 - 5 = 0. What is the remainder when n is divided by r?
0
Suppose -c - 3*c = -100. Let i = c - 17. Suppose 4*h + i = 52. Calculate the remainder when h is divided by 7.
4
Let w(v) = 6*v - 75. Let r = 11 - -6. Calculate the remainder when r is divided by w(14).
8
Let w be 3 - ((-846)/12)/(1/6). Suppose -4*o = -2*s + 382, 1337 - w = 5*s + o. Calculate the remainder when s is divided by 46.
45
Let s(q) = q**2 + 4*q + 1. Let m be s(-4). Suppose -5 = 2*k - m. What i